{"id":928,"date":"2024-09-22T03:59:25","date_gmt":"2024-09-22T03:59:25","guid":{"rendered":"https:\/\/goldstardance.vn\/?page_id=928"},"modified":"2026-03-04T23:38:57","modified_gmt":"2026-03-04T23:38:57","slug":"dao-tao","status":"publish","type":"page","link":"https:\/\/goldstardance.vn\/index.php\/elementor-97\/dao-tao\/","title":{"rendered":"\u0110\u00e0o T\u1ea1o"},"content":{"rendered":"\t\t<div data-elementor-type=\"wp-page\" data-elementor-id=\"928\" class=\"elementor elementor-928\" data-elementor-post-type=\"page\">\n\t\t\t\t\t\t<section class=\"elementor-section elementor-top-section elementor-element elementor-element-33f8d1e1 elementor-section-boxed elementor-section-height-default elementor-section-height-default\" data-id=\"33f8d1e1\" data-element_type=\"section\" data-settings=\"{&quot;background_background&quot;:&quot;classic&quot;}\">\n\t\t\t\t\t\t<div class=\"elementor-container elementor-column-gap-default\">\n\t\t\t\t\t<div class=\"elementor-column elementor-col-100 elementor-top-column elementor-element elementor-element-4ee48f69\" data-id=\"4ee48f69\" data-element_type=\"column\" data-settings=\"{&quot;background_background&quot;:&quot;classic&quot;}\">\n\t\t\t<div class=\"elementor-widget-wrap elementor-element-populated\">\n\t\t\t\t\t\t<div class=\"elementor-element elementor-element-6ca9f4b2 elementor-widget elementor-widget-heading\" data-id=\"6ca9f4b2\" data-element_type=\"widget\" data-widget_type=\"heading.default\">\n\t\t\t\t<div class=\"elementor-widget-container\">\n\t\t\t\t\t<h3 class=\"elementor-heading-title elementor-size-default\">\u0110\u00c0O T\u1ea0O - HU\u1ea4N LUY\u1ec6N<\/h3>\t\t\t\t<\/div>\n\t\t\t\t<\/div>\n\t\t\t\t<div class=\"elementor-element elementor-element-1a52e622 elementor-widget elementor-widget-text-editor\" data-id=\"1a52e622\" data-element_type=\"widget\" data-widget_type=\"text-editor.default\">\n\t\t\t\t<div class=\"elementor-widget-container\">\n\t\t\t\t\t\t\t\t\t<span style=\"color: yellow; font-family: Raleway, sans-serif;\">Trong su\u1ed1t th\u1eddi gian ho\u1ea1t \u0111\u1ed9ng \u0110\u00e0o T\u1ea1o, Goldst\u1ea3rDance Club kh\u00f4ng ng\u1eebng trau d\u1ed3i ki\u1ebfn th\u1ee9c v\u1ec1 k\u1ef9 thu\u1eadt chuy\u00ean m\u00f4n c\u0169ng nh\u01b0 ph\u01b0\u01a1ng ph\u00e1p gi\u1ea3ng d\u1ea1y. Lu\u00f4n s\u00e1ng t\u1ea1o, t\u01b0 duy \u0111\u1ec3 \u0111\u00e1p \u1ee9ng \u0111\u01b0\u1ee3c nhu c\u1ea7u v\u00e0 th\u1ecb hi\u1ebfu c\u1ee7a h\u1ecdc vi\u00ean.<\/span>\t\t\t\t\t\t\t\t<\/div>\n\t\t\t\t<\/div>\n\t\t\t\t<div class=\"elementor-element elementor-element-422a8e91 elementor-widget-divider--view-line elementor-widget elementor-widget-divider\" data-id=\"422a8e91\" data-element_type=\"widget\" data-widget_type=\"divider.default\">\n\t\t\t\t<div class=\"elementor-widget-container\">\n\t\t\t\t\t\t\t<div class=\"elementor-divider\">\n\t\t\t<span class=\"elementor-divider-separator\">\n\t\t\t\t\t\t<\/span>\n\t\t<\/div>\n\t\t\t\t\t\t<\/div>\n\t\t\t\t<\/div>\n\t\t\t\t<section class=\"elementor-section elementor-inner-section elementor-element elementor-element-67161a63 elementor-section-boxed elementor-section-height-default elementor-section-height-default\" data-id=\"67161a63\" data-element_type=\"section\">\n\t\t\t\t\t\t<div class=\"elementor-container elementor-column-gap-default\">\n\t\t\t\t\t<div class=\"elementor-column elementor-col-33 elementor-inner-column elementor-element elementor-element-2fb8ff88\" data-id=\"2fb8ff88\" data-element_type=\"column\" data-settings=\"{&quot;background_background&quot;:&quot;gradient&quot;}\">\n\t\t\t<div class=\"elementor-widget-wrap elementor-element-populated\">\n\t\t\t\t\t\t<div class=\"elementor-element elementor-element-63246aba elementor-widget elementor-widget-image\" data-id=\"63246aba\" data-element_type=\"widget\" data-widget_type=\"image.default\">\n\t\t\t\t<div class=\"elementor-widget-container\">\n\t\t\t\t\t\t\t\t\t\t\t\t\t\t\t<img decoding=\"async\" src=\"https:\/\/goldstardance.vn\/wp-content\/uploads\/2024\/09\/s14.jpg\" title=\"\" alt=\"\" loading=\"lazy\" \/>\t\t\t\t\t\t\t\t\t\t\t\t\t\t\t<\/div>\n\t\t\t\t<\/div>\n\t\t\t\t<div class=\"elementor-element elementor-element-616127eb elementor-widget elementor-widget-heading\" data-id=\"616127eb\" data-element_type=\"widget\" data-widget_type=\"heading.default\">\n\t\t\t\t<div class=\"elementor-widget-container\">\n\t\t\t\t\t<h4 class=\"elementor-heading-title elementor-size-default\">NG\u01af\u1edcI L\u1edaN<\/h4>\t\t\t\t<\/div>\n\t\t\t\t<\/div>\n\t\t\t\t<div class=\"elementor-element elementor-element-3774404c elementor-widget elementor-widget-text-editor\" data-id=\"3774404c\" data-element_type=\"widget\" data-widget_type=\"text-editor.default\">\n\t\t\t\t<div class=\"elementor-widget-container\">\n\t\t\t\t\t\t\t\t\t<span style=\"color: yellow; font-family: Raleway, sans-serif;\">H\u1ec7 th\u1ed1ng gi\u00e1o tr\u00ecnh lu\u00f4n \u0111\u01b0\u1ee3c c\u1eadp nh\u1eadt sao cho ph\u00f9 h\u1ee3p v\u00e0 hi\u1ec7u qu\u1ea3 nh\u1ea5t. NG\u01af\u1edcI M\u1edaI b\u1eaft \u0111\u1ea7u s\u1ebd c\u00f3 n\u1ec1n t\u1ea3ng v\u1eefng ch\u1eafc \u0111\u1ec3 t\u1ef1 tin th\u1ec3 hi\u1ec7n v\u00e0 &#8220;TO\u1ea2 S\u00c1NG NI\u1ec0M \u0110AM M\u00ca&#8221;<\/span>\t\t\t\t\t\t\t\t<\/div>\n\t\t\t\t<\/div>\n\t\t\t\t<div class=\"elementor-element elementor-element-33f9f3e2 elementor-align-center elementor-button-danger elementor-widget elementor-widget-button\" data-id=\"33f9f3e2\" data-element_type=\"widget\" data-widget_type=\"button.default\">\n\t\t\t\t<div class=\"elementor-widget-container\">\n\t\t\t\t\t\t\t\t\t<div class=\"elementor-button-wrapper\">\n\t\t\t\t\t<a class=\"elementor-button elementor-button-link elementor-size-sm\" href=\"https:\/\/goldstardance.vn\/index.php\/elementor-97\/dao-tao\/day-nhay-nguoi-lon\/\">\n\t\t\t\t\t\t<span class=\"elementor-button-content-wrapper\">\n\t\t\t\t\t\t\t\t\t<span class=\"elementor-button-text\">Xem Th\u00eam<\/span>\n\t\t\t\t\t<\/span>\n\t\t\t\t\t<\/a>\n\t\t\t\t<\/div>\n\t\t\t\t\t\t\t\t<\/div>\n\t\t\t\t<\/div>\n\t\t\t\t\t<\/div>\n\t\t<\/div>\n\t\t\t\t<div class=\"elementor-column elementor-col-33 elementor-inner-column elementor-element elementor-element-7204997\" data-id=\"7204997\" data-element_type=\"column\" data-settings=\"{&quot;background_background&quot;:&quot;gradient&quot;}\">\n\t\t\t<div class=\"elementor-widget-wrap elementor-element-populated\">\n\t\t\t\t\t\t<div class=\"elementor-element elementor-element-751eee9 elementor-widget elementor-widget-image\" data-id=\"751eee9\" data-element_type=\"widget\" data-widget_type=\"image.default\">\n\t\t\t\t<div class=\"elementor-widget-container\">\n\t\t\t\t\t\t\t\t\t\t\t\t\t\t\t<img decoding=\"async\" src=\"https:\/\/goldstardance.vn\/wp-content\/uploads\/2024\/09\/s19.jpg\" title=\"\" alt=\"\" loading=\"lazy\" \/>\t\t\t\t\t\t\t\t\t\t\t\t\t\t\t<\/div>\n\t\t\t\t<\/div>\n\t\t\t\t<div class=\"elementor-element elementor-element-1659e326 elementor-widget elementor-widget-heading\" data-id=\"1659e326\" data-element_type=\"widget\" data-widget_type=\"heading.default\">\n\t\t\t\t<div class=\"elementor-widget-container\">\n\t\t\t\t\t<h4 class=\"elementor-heading-title elementor-size-default\">THI\u1ebeU NHI<\/h4>\t\t\t\t<\/div>\n\t\t\t\t<\/div>\n\t\t\t\t<div class=\"elementor-element elementor-element-608fa187 elementor-widget elementor-widget-text-editor\" data-id=\"608fa187\" data-element_type=\"widget\" data-widget_type=\"text-editor.default\">\n\t\t\t\t<div class=\"elementor-widget-container\">\n\t\t\t\t\t\t\t\t\t<span style=\"color: yellow; font-family: Raleway, sans-serif;\">C\u00e1c b\u1ed9 m\u00f4n nh\u01b0 Nh\u1ea3y Hi\u1ec7n \u0110\u1ea1i, Tiktok, Belly Dance, Kpop \u0111\u01b0\u1ee3c thi\u1ebft k\u1ebf ri\u00eang ph\u00f9 h\u1ee3p v\u1edbi \u0111\u1ed9 tu\u1ed5i c\u1ee7a c\u00e1c b\u1ea1n thi\u1ebfu nhi. \u0110\u1ed9 tu\u1ed5i b\u1eaft \u0111\u1ea7u t\u1eeb 5 &#8211; 12 tu\u1ed5i.\t\t\t\t\t\t\t\t<\/div>\n\t\t\t\t<\/div>\n\t\t\t\t<div class=\"elementor-element elementor-element-21222cb elementor-align-center elementor-button-danger elementor-widget elementor-widget-button\" data-id=\"21222cb\" data-element_type=\"widget\" data-widget_type=\"button.default\">\n\t\t\t\t<div class=\"elementor-widget-container\">\n\t\t\t\t\t\t\t\t\t<div class=\"elementor-button-wrapper\">\n\t\t\t\t\t<a class=\"elementor-button elementor-button-link elementor-size-sm\" href=\"https:\/\/goldstardance.vn\/index.php\/elementor-97\/dao-tao\/day-nhay-thieu-nhi\/\">\n\t\t\t\t\t\t<span class=\"elementor-button-content-wrapper\">\n\t\t\t\t\t\t\t\t\t<span class=\"elementor-button-text\">Xem Th\u00eam<\/span>\n\t\t\t\t\t<\/span>\n\t\t\t\t\t<\/a>\n\t\t\t\t<\/div>\n\t\t\t\t\t\t\t\t<\/div>\n\t\t\t\t<\/div>\n\t\t\t\t\t<\/div>\n\t\t<\/div>\n\t\t\t\t<div class=\"elementor-column elementor-col-33 elementor-inner-column elementor-element elementor-element-43a648ba\" data-id=\"43a648ba\" data-element_type=\"column\" data-settings=\"{&quot;background_background&quot;:&quot;gradient&quot;}\">\n\t\t\t<div class=\"elementor-widget-wrap elementor-element-populated\">\n\t\t\t\t\t\t<div class=\"elementor-element elementor-element-3e729eaf elementor-widget elementor-widget-image\" data-id=\"3e729eaf\" data-element_type=\"widget\" data-widget_type=\"image.default\">\n\t\t\t\t<div class=\"elementor-widget-container\">\n\t\t\t\t\t\t\t\t\t\t\t\t\t\t\t<img decoding=\"async\" src=\"https:\/\/goldstardance.vn\/wp-content\/uploads\/2024\/09\/s20.jpg\" title=\"\" alt=\"\" loading=\"lazy\" \/>\t\t\t\t\t\t\t\t\t\t\t\t\t\t\t<\/div>\n\t\t\t\t<\/div>\n\t\t\t\t<div class=\"elementor-element elementor-element-5b80b9b5 elementor-widget elementor-widget-heading\" data-id=\"5b80b9b5\" data-element_type=\"widget\" data-widget_type=\"heading.default\">\n\t\t\t\t<div class=\"elementor-widget-container\">\n\t\t\t\t\t<h4 class=\"elementor-heading-title elementor-size-default\">C\u00c1 NH\u00c2N - VIP<\/h4>\t\t\t\t<\/div>\n\t\t\t\t<\/div>\n\t\t\t\t<div class=\"elementor-element elementor-element-38927c22 elementor-widget elementor-widget-text-editor\" data-id=\"38927c22\" data-element_type=\"widget\" data-widget_type=\"text-editor.default\">\n\t\t\t\t<div class=\"elementor-widget-container\">\n\t\t\t\t\t\t\t\t\t<p><span style=\"color: yellow; font-family: Raleway, sans-serif;\">GoldstarDance c\u00f3 l\u1edbp \u0111\u1eb7c bi\u1ec7t d\u00e0nh cho h\u1ecdc vi\u00ean C\u00e1 nh\u00e2n &#8211; Vip t\u1ef1 ch\u1ecdn th\u1eddi gian h\u1ecdc, gi\u00e1o tr\u00ecnh t\u1eadp luy\u1ec7n, l\u1ecbch t\u1eadp linh \u0111\u1ed9ng cho ng\u01b0\u1eddi t\u1eadp. C\u00f3 l\u1edbp Ng\u01b0\u1eddi L\u1edbn v\u00e0 Thi\u1ebfu Nhi.<\/span><\/p>\t\t\t\t\t\t\t\t<\/div>\n\t\t\t\t<\/div>\n\t\t\t\t<div class=\"elementor-element elementor-element-24f4fe9d elementor-align-center elementor-button-danger elementor-widget elementor-widget-button\" data-id=\"24f4fe9d\" data-element_type=\"widget\" data-widget_type=\"button.default\">\n\t\t\t\t<div class=\"elementor-widget-container\">\n\t\t\t\t\t\t\t\t\t<div class=\"elementor-button-wrapper\">\n\t\t\t\t\t<a class=\"elementor-button elementor-button-link elementor-size-sm\" href=\"https:\/\/goldstardance.vn\/index.php\/elementor-97\/dao-tao\/day-nhay-ca-nhan-v-i-p\/\">\n\t\t\t\t\t\t<span class=\"elementor-button-content-wrapper\">\n\t\t\t\t\t\t\t\t\t<span class=\"elementor-button-text\">Xem Th\u00eam<\/span>\n\t\t\t\t\t<\/span>\n\t\t\t\t\t<\/a>\n\t\t\t\t<\/div>\n\t\t\t\t\t\t\t\t<\/div>\n\t\t\t\t<\/div>\n\t\t\t\t\t<\/div>\n\t\t<\/div>\n\t\t\t\t\t<\/div>\n\t\t<\/section>\n\t\t\t\t\t<\/div>\n\t\t<\/div>\n\t\t\t\t\t<\/div>\n\t\t<\/section>\n\t\t<footer class=\"elementor-element elementor-element-5ff9a68a e-con-full e-flex e-con e-parent\" data-id=\"5ff9a68a\" data-element_type=\"container\">\n\t\t<div class=\"elementor-element elementor-element-3c503086 e-con-full e-flex e-con e-child\" data-id=\"3c503086\" data-element_type=\"container\">\n\t\t\t\t<div class=\"elementor-element elementor-element-e7d39f6 elementor-widget elementor-widget-image\" data-id=\"e7d39f6\" data-element_type=\"widget\" data-widget_type=\"image.default\">\n\t\t\t\t<div class=\"elementor-widget-container\">\n\t\t\t\t\t\t\t\t\t\t\t\t\t\t\t\t<a href=\"https:\/\/goldstardance.vn\">\n\t\t\t\t\t\t\t<img fetchpriority=\"high\" decoding=\"async\" width=\"300\" height=\"199\" src=\"https:\/\/goldstardance.vn\/wp-content\/uploads\/2024\/09\/logo-350-fix-300x199.png\" class=\"attachment-medium size-medium wp-image-538\" alt=\"\" srcset=\"https:\/\/goldstardance.vn\/wp-content\/uploads\/2024\/09\/logo-350-fix-300x199.png 300w, https:\/\/goldstardance.vn\/wp-content\/uploads\/2024\/09\/logo-350-fix.png 350w\" sizes=\"(max-width: 300px) 100vw, 300px\" \/>\t\t\t\t\t\t\t\t<\/a>\n\t\t\t\t\t\t\t\t\t\t\t\t\t\t\t<\/div>\n\t\t\t\t<\/div>\n\t\t\t\t<\/div>\n\t\t<div class=\"elementor-element elementor-element-4ce38c6f e-con-full e-flex e-con e-child\" data-id=\"4ce38c6f\" data-element_type=\"container\">\n\t\t\t\t<div class=\"elementor-element elementor-element-46707431 elementor-widget elementor-widget-heading\" data-id=\"46707431\" data-element_type=\"widget\" data-widget_type=\"heading.default\">\n\t\t\t\t<div class=\"elementor-widget-container\">\n\t\t\t\t\t<h4 class=\"elementor-heading-title elementor-size-default\">\u0110\u1ecaA CH\u1ec8<\/h4>\t\t\t\t<\/div>\n\t\t\t\t<\/div>\n\t\t\t\t<div class=\"elementor-element elementor-element-7542f626 elementor-widget elementor-widget-text-editor\" data-id=\"7542f626\" data-element_type=\"widget\" data-widget_type=\"text-editor.default\">\n\t\t\t\t<div class=\"elementor-widget-container\">\n\t\t\t\t\t\t\t\t\t<p>L\u1ea7u 1, S\u1ed1 446 \u0110\u01b0\u1eddng Ho\u00e0ng V\u0103n Th\u1ee5, Ph\u01b0\u1eddng 4, T\u00e2n B\u00ecnh, Th\u00e0nh ph\u1ed1 H\u1ed3 Ch\u00ed Minh<\/p><p>\u0110\u1ecba ch\u1ec9 m\u1edbi: S\u1ed1 446 \u0110\u01b0\u1eddng Ho\u00e0ng V\u0103n Th\u1ee5 , Ph\u01b0\u1eddng T\u00e2n S\u01a1n Nh\u1ea5t , TP.HCM<\/p><p>CLB Sao V\u00e0ng &#8211; Kh\u00f4ng gian sinh ho\u1ea1t c\u1ed9ng \u0111\u1ed3ng Ph\u01b0\u1eddng T\u00e2n S\u01a1n Nh\u1ea5t<\/p><p>(Trung T\u00e2m Tri\u1ec5n L\u00e3m T\u00e2n B\u00ecnh C\u0169)<\/p><p>Tel: 0906.606.107 &#8211; C\u00f4 Ng\u1ecdc Lan (Ch\u1ee7 Nhi\u1ec7m CLB)<\/p><p>\u00a0<\/p>\t\t\t\t\t\t\t\t<\/div>\n\t\t\t\t<\/div>\n\t\t\t\t<\/div>\n\t\t<div class=\"elementor-element elementor-element-4a3a083 e-con-full e-flex e-con e-child\" data-id=\"4a3a083\" data-element_type=\"container\">\n\t\t\t\t<div class=\"elementor-element elementor-element-77dda4fc elementor-widget elementor-widget-heading\" data-id=\"77dda4fc\" data-element_type=\"widget\" data-widget_type=\"heading.default\">\n\t\t\t\t<div class=\"elementor-widget-container\">\n\t\t\t\t\t<h4 class=\"elementor-heading-title elementor-size-default\">TH\u1edcI GIAN HO\u1ea0T \u0110\u1ed8NG<\/h4>\t\t\t\t<\/div>\n\t\t\t\t<\/div>\n\t\t\t\t<div class=\"elementor-element elementor-element-14e1ecf8 elementor-widget elementor-widget-text-editor\" data-id=\"14e1ecf8\" data-element_type=\"widget\" data-widget_type=\"text-editor.default\">\n\t\t\t\t<div class=\"elementor-widget-container\">\n\t\t\t\t\t\t\t\t\t<p>T\u1eeb Th\u1ee9 Hai &#8211; Ch\u1ee7 Nh\u1eadt<br \/>08:30 &#8211; 21:30<br \/><br \/><\/p>\t\t\t\t\t\t\t\t<\/div>\n\t\t\t\t<\/div>\n\t\t\t\t<\/div>\n\t\t<div class=\"elementor-element elementor-element-36153a29 e-con-full e-flex e-con e-child\" data-id=\"36153a29\" data-element_type=\"container\">\n\t\t\t\t<div class=\"elementor-element elementor-element-691adfbf elementor-widget elementor-widget-heading\" data-id=\"691adfbf\" data-element_type=\"widget\" data-widget_type=\"heading.default\">\n\t\t\t\t<div class=\"elementor-widget-container\">\n\t\t\t\t\t<h4 class=\"elementor-heading-title elementor-size-default\">LI\u00caN H\u1ec6 CH\u00daNG T\u00d4I<\/h4>\t\t\t\t<\/div>\n\t\t\t\t<\/div>\n\t\t\t\t<div class=\"elementor-element elementor-element-15347c6a elementor-widget elementor-widget-text-editor\" data-id=\"15347c6a\" data-element_type=\"widget\" data-widget_type=\"text-editor.default\">\n\t\t\t\t<div class=\"elementor-widget-container\">\n\t\t\t\t\t\t\t\t\t<p>Email:\u00a0 \u00a0 \u00a0 \u00a0 \u00a0 \u00a0goldstardance2013@gmail.com<\/p><p>Fanpage:\u00a0 \u00a0 \u00a0Goldstardance2013<\/p><p>Zalo:\u00a0 \u00a0 \u00a0 \u00a0 \u00a0 \u00a0 \u00a00906.606.107<\/p>\t\t\t\t\t\t\t\t<\/div>\n\t\t\t\t<\/div>\n\t\t\t\t<\/div>\n\t\t\t\t<\/footer>\n\t\t<div class=\"elementor-element elementor-element-6cc62182 e-flex e-con-boxed e-con e-parent\" data-id=\"6cc62182\" data-element_type=\"container\" data-settings=\"{&quot;background_background&quot;:&quot;classic&quot;}\">\n\t\t\t\t\t<div class=\"e-con-inner\">\n\t\t\t\t<div class=\"elementor-element elementor-element-2665aa4e elementor-widget elementor-widget-heading\" data-id=\"2665aa4e\" data-element_type=\"widget\" data-widget_type=\"heading.default\">\n\t\t\t\t<div class=\"elementor-widget-container\">\n\t\t\t\t\t<p class=\"elementor-heading-title elementor-size-default\">\u00a9 GoldstarDance Club 2026- B\u1ea3n quy\u1ec1n thu\u1ed9c v\u1ec1 GoldstarDance Club<\/p>\t\t\t\t<\/div>\n\t\t\t\t<\/div>\n\t\t\t\t\t<\/div>\n\t\t\t\t<\/div>\n\t\t\t\t<\/div>\n\t\t","protected":false},"excerpt":{"rendered":"<p>\u0110\u00c0O T\u1ea0O &#8211; HU\u1ea4N LUY\u1ec6N Trong su\u1ed1t th\u1eddi gian ho\u1ea1t \u0111\u1ed9ng \u0110\u00e0o T\u1ea1o, Goldst\u1ea3rDance Club kh\u00f4ng ng\u1eebng trau d\u1ed3i ki\u1ebfn th\u1ee9c v\u1ec1 k\u1ef9 thu\u1eadt chuy\u00ean m\u00f4n c\u0169ng nh\u01b0 ph\u01b0\u01a1ng ph\u00e1p gi\u1ea3ng d\u1ea1y. Lu\u00f4n s\u00e1ng t\u1ea1o, t\u01b0 duy \u0111\u1ec3 \u0111\u00e1p \u1ee9ng \u0111\u01b0\u1ee3c nhu c\u1ea7u v\u00e0 th\u1ecb hi\u1ebfu c\u1ee7a h\u1ecdc vi\u00ean. NG\u01af\u1edcI L\u1edaN H\u1ec7 th\u1ed1ng gi\u00e1o tr\u00ecnh [&hellip;]<\/p>\n","protected":false},"author":2,"featured_media":0,"parent":97,"menu_order":0,"comment_status":"closed","ping_status":"closed","template":"","meta":{"footnotes":""},"class_list":["post-928","page","type-page","status-publish","hentry"],"_links":{"self":[{"href":"https:\/\/goldstardance.vn\/index.php\/wp-json\/wp\/v2\/pages\/928","targetHints":{"allow":["GET"]}}],"collection":[{"href":"https:\/\/goldstardance.vn\/index.php\/wp-json\/wp\/v2\/pages"}],"about":[{"href":"https:\/\/goldstardance.vn\/index.php\/wp-json\/wp\/v2\/types\/page"}],"author":[{"embeddable":true,"href":"https:\/\/goldstardance.vn\/index.php\/wp-json\/wp\/v2\/users\/2"}],"replies":[{"embeddable":true,"href":"https:\/\/goldstardance.vn\/index.php\/wp-json\/wp\/v2\/comments?post=928"}],"version-history":[{"count":6,"href":"https:\/\/goldstardance.vn\/index.php\/wp-json\/wp\/v2\/pages\/928\/revisions"}],"predecessor-version":[{"id":4233,"href":"https:\/\/goldstardance.vn\/index.php\/wp-json\/wp\/v2\/pages\/928\/revisions\/4233"}],"up":[{"embeddable":true,"href":"https:\/\/goldstardance.vn\/index.php\/wp-json\/wp\/v2\/pages\/97"}],"wp:attachment":[{"href":"https:\/\/goldstardance.vn\/index.php\/wp-json\/wp\/v2\/media?parent=928"}],"curies":[{"name":"wp","href":"https:\/\/api.w.org\/{rel}","templated":true}]}}